{"id":80,"date":"2018-12-20T11:58:39","date_gmt":"2018-12-20T11:58:39","guid":{"rendered":"https:\/\/kg-gemuetlichkeit-kerpen.de\/?page_id=80"},"modified":"2023-06-02T12:19:49","modified_gmt":"2023-06-02T12:19:49","slug":"impressum","status":"publish","type":"page","link":"https:\/\/kg-gemuetlichkeit-kerpen.de\/?page_id=80","title":{"rendered":"Impressum"},"content":{"rendered":"\n<figure class=\"wp-block-image\"><img decoding=\"async\" loading=\"lazy\" width=\"1024\" height=\"341\" src=\"https:\/\/kg-gemuetlichkeit-kerpen.de\/wp-content\/uploads\/2018\/12\/Impressum-1024x341.jpg\" alt=\"\" class=\"wp-image-196\" srcset=\"https:\/\/kg-gemuetlichkeit-kerpen.de\/wp-content\/uploads\/2018\/12\/Impressum-1024x341.jpg 1024w, https:\/\/kg-gemuetlichkeit-kerpen.de\/wp-content\/uploads\/2018\/12\/Impressum-300x100.jpg 300w, https:\/\/kg-gemuetlichkeit-kerpen.de\/wp-content\/uploads\/2018\/12\/Impressum-768x256.jpg 768w, https:\/\/kg-gemuetlichkeit-kerpen.de\/wp-content\/uploads\/2018\/12\/Impressum.jpg 1500w\" sizes=\"(max-width: 1024px) 100vw, 1024px\" \/><\/figure>\n\n\n\n<p>Traditions-Karnevals-Gesellschaft Gem\u00fctlichkeit 1908 Kerpen e.V.<br>J\u00fclicher Stra\u00dfe 11<br>50171 Kerpen<\/p>\n\n\n\n<p>E-Mail:&nbsp;<a href=\"mailto:info@kgg1908.de\">info@kgg1908.de<\/a><br><\/p>\n\n\n\n<p><strong>Vertreten durch:<\/strong><br>Pr\u00e4sident: Bastian Fankhauser<br>1. Vorsitzender: Andreas Noch <\/p>\n\n\n\n<p><strong>Registereintrag:<\/strong><br>Eingetragen im Vereinsregister.<br>Registergericht: Amtsgericht K\u00f6ln<br>Registernummer: 100241<\/p>\n\n\n\n<p><strong>Umsatzsteuer-ID:\u00a0<\/strong><br>Umsatzsteuer-Identifikationsnummer nach \u00a727a Umsatzsteuergesetz:<br>203\/5702\/2191<\/p>\n\n\n\n<p>Quelle:&nbsp;<a href=\"https:\/\/www.juraforum.de\/impressum-generator\/\">Impressum Generator von JuraForum.de<\/a><\/p>\n","protected":false},"excerpt":{"rendered":"<p>Traditions-Karnevals-Gesellschaft Gem\u00fctlichkeit 1908 Kerpen e.V.J\u00fclicher Stra\u00dfe 1150171 Kerpen E-Mail:&nbsp;info@kgg1908.de Vertreten durch:Pr\u00e4sident: Bastian Fankhauser1. Vorsitzender: Andreas Noch Registereintrag:Eingetragen im Vereinsregister.Registergericht: Amtsgericht K\u00f6lnRegisternummer: 100241 Umsatzsteuer-ID:\u00a0Umsatzsteuer-Identifikationsnummer nach \u00a727a Umsatzsteuergesetz:203\/5702\/2191 Quelle:&nbsp;Impressum Generator von JuraForum.de<\/p>\n","protected":false},"author":1,"featured_media":0,"parent":0,"menu_order":0,"comment_status":"closed","ping_status":"closed","template":"","meta":[],"_links":{"self":[{"href":"https:\/\/kg-gemuetlichkeit-kerpen.de\/index.php?rest_route=\/wp\/v2\/pages\/80"}],"collection":[{"href":"https:\/\/kg-gemuetlichkeit-kerpen.de\/index.php?rest_route=\/wp\/v2\/pages"}],"about":[{"href":"https:\/\/kg-gemuetlichkeit-kerpen.de\/index.php?rest_route=\/wp\/v2\/types\/page"}],"author":[{"embeddable":true,"href":"https:\/\/kg-gemuetlichkeit-kerpen.de\/index.php?rest_route=\/wp\/v2\/users\/1"}],"replies":[{"embeddable":true,"href":"https:\/\/kg-gemuetlichkeit-kerpen.de\/index.php?rest_route=%2Fwp%2Fv2%2Fcomments&post=80"}],"version-history":[{"count":6,"href":"https:\/\/kg-gemuetlichkeit-kerpen.de\/index.php?rest_route=\/wp\/v2\/pages\/80\/revisions"}],"predecessor-version":[{"id":605,"href":"https:\/\/kg-gemuetlichkeit-kerpen.de\/index.php?rest_route=\/wp\/v2\/pages\/80\/revisions\/605"}],"wp:attachment":[{"href":"https:\/\/kg-gemuetlichkeit-kerpen.de\/index.php?rest_route=%2Fwp%2Fv2%2Fmedia&parent=80"}],"curies":[{"name":"wp","href":"https:\/\/api.w.org\/{rel}","templated":true}]}}